18
Calculate the greatest common factor of 43173584 and 9988.
908
Calculate the highest common factor of 17963 and 161025231.
1633
Calculate the highest common factor of 1712460 and 45.
15
Calculate the greatest common divisor of 3662989 and 61427.
3233
What is the highest common factor of 2398578 and 1729?
91
What is the greatest common factor of 27646962 and 84?
42
What is the greatest common factor of 40 and 2678372?
4
Calculate the greatest common divisor of 132 and 289121232.
12
What is the greatest common divisor of 37523 and 45888?
239
Calculate the greatest common factor of 265369261 and 41.
41
Calculate the highest common divisor of 96693437 and 55089.
6121
Calculate the highest common factor of 519609 and 161778.
1371
Calculate the highest common factor of 129752 and 20776.
392
Calculate the greatest common factor of 21160 and 2228.
4
What is the highest common divisor of 1129810 and 209?
11
Calculate the highest common divisor of 6775795 and 18785.
65
Calculate the highest common divisor of 2322 and 1953060.
258
Calculate the greatest common divisor of 165244 and 17434.
758
What is the highest common factor of 1052 and 11825269?
263
What is the highest common divisor of 1781 and 26639093?
13
What is the highest common divisor of 78320 and 381040?
880
Calculate the highest common factor of 53000 and 213400.
200
Calculate the greatest common divisor of 543280 and 29504.
16
Calculate the greatest common factor of 1609182 and 42.
6
Calculate the highest common factor of 78 and 9192354.
6
What is the highest common divisor of 1081 and 722003143?
1081
Calculate the highest common divisor of 43453076 and 380.
76
What is the highest common factor of 55813399 and 1643?
53
Calculate the greatest common divisor of 63 and 448126.
7
What is the greatest common divisor of 43001442 and 1?
1
Calculate the highest common factor of 25723836 and 1776.
12
Calculate the greatest common factor of 646 and 1847628.
34
Calculate the greatest common divisor of 21289609 and 121.
11
Calculate the highest common divisor of 5077 and 1434054497.
5077
Calculate the highest common factor of 193 and 1904183741.
193
What is the highest common factor of 28640898 and 39?
39
Calculate the highest common divisor of 7169462 and 31599.
3511
What is the highest common divisor of 59199042 and 1516?
758
What is the highest common factor of 38 and 781462?
2
Calculate the highest common divisor of 68474434 and 970.
194
Calculate the greatest common divisor of 2270226 and 28866.
1698
Calculate the greatest common divisor of 374843690 and 338.
338
Calculate the greatest common factor of 22 and 31924706.
22
What is the greatest common divisor of 83930268 and 496?
124
Calculate the highest common factor of 3204 and 588216.
12
Calculate the highest common factor of 112 and 93222668.
28
Calculate the greatest common divisor of 2183431064 and 1322.
1322
What is the highest common factor of 10110967 and 11269?
191
Calculate the greatest common factor of 105184 and 62522200.
1384
Calculate the greatest common divisor of 218691 and 171765.
99
Calculate the highest common divisor of 8927520 and 3570.
210
Calculate the greatest common divisor of 713 and 72695.
31
Calculate the highest common factor of 188 and 1008762974.
94
What is the greatest common factor of 2053665 and 1942?
971
Calculate the greatest common divisor of 102 and 652958.
2
Calculate the greatest common divisor of 76 and 5596982.
38
Calculate the greatest common divisor of 2939113 and 7497.
17
What is the highest common factor of 13661 and 12289148?
719
Calculate the highest common divisor of 17411645 and 370.
185
Calculate the greatest common divisor of 701662 and 2028.
26
What is the greatest common divisor of 4656359 and 20597?
479
Calculate the greatest common divisor of 461467 and 16.
1
Calculate the highest common factor of 55986 and 139363.
301
What is the highest common divisor of 274955 and 278419?
433
What is the highest common divisor of 2007636 and 10?
2
What is the highest common divisor of 414 and 32629962?
138
What is the greatest common factor of 10549510 and 10?
10
What is the greatest common factor of 11746613 and 67301?
5177
What is the highest common divisor of 36032 and 62496?
32
What is the greatest common factor of 900 and 86220800?
100
Calculate the highest common factor of 29503877 and 39.
13
Calculate the greatest common factor of 901 and 235909.
17
What is the highest common divisor of 68044720 and 2350?
470
Calculate the greatest common divisor of 34423 and 2586473.
1187
Calculate the greatest common factor of 1112 and 11660988.
556
What is the greatest common factor of 654 and 4676754?
654
What is the greatest common factor of 7085 and 22453015?
65
What is the greatest common factor of 101470932 and 1692?
1692
What is the highest common divisor of 7612858 and 88?
22
Calculate the highest common divisor of 67300884 and 140.
28
Calculate the highest common factor of 46092112 and 352.
176
Calculate the highest common divisor of 4400 and 3717680.
80
Calculate the highest common factor of 44949139 and 391.
17
Calculate the greatest common factor of 105 and 46227965.
35
Calculate the highest common factor of 12870 and 327184.
286
Calculate the greatest common divisor of 140625 and 307215.
45
Calculate the highest common factor of 5956832 and 71456.
6496
Calculate the highest common factor of 815532 and 21.
3
Calculate the greatest common factor of 501824 and 320.
64
What is the highest common divisor of 49319 and 24734?
149
Calculate the greatest common factor of 1722452 and 42816.
892
What is the highest common factor of 251348 and 795677?
31
Calculate the highest common factor of 29 and 373331036.
29
Calculate the greatest common divisor of 1739554670 and 5810.
5810
Calculate the greatest common divisor of 750552 and 1188.
132
What is the highest common divisor of 496622225 and 445?
445
What is the highest common divisor of 95568 and 7611593?
1991
Calculate the greatest common factor of 1705 and 8383547.
31
Calculate the greatest common divisor of 90 and 1231398.
18
What is the highest common divisor of 282 and 8963981?
47
What is the highest common divisor of 198816 and 224?
32
Calculate the highest common factor of 3657335 and 539110.
1595
Calculate the highest common factor of 42914 and 37410.
86
Calculate the highest common factor of 238 and 1707832.
14
Calculate the highest common factor of 7128 and 74491461.
297
Calculate the highest common divisor of 1247 and 983582.
43
Calculate the highest common factor of 18637012 and 6748.
964
Calculate the highest common divisor of 2896956 and 6936.
12
Calculate the greatest common divisor of 93040 and 880.
80
Calculate the highest common factor of 19684 and 84322.
266
What is the greatest common divisor of 40664183 and 28?
7
What is the highest common factor of 35 and 4201869035?
35
What is the greatest common factor of 1588128 and 1562?
142
What is the highest common divisor of 12282945 and 1044960?
4665
What is the greatest common divisor of 77073 and 19826?
23
What is the highest common factor of 3920850 and 126?
18
What is the highest common factor of 27518395 and 265?
265
Calculate the greatest common divisor of 828 and 26418564.
36
Calculate the highest common divisor of 20899691 and 31958.
841
What is the highest common divisor of 401479692 and 36?
12
Calculate the greatest common factor of 9459078 and 774.
6
Calculate the greatest common factor of 1132 and 502306888.
1132
Calculate the highest common divisor of 20257 and 102319.
47
What is the highest common factor of 2988 and 2376468?
36
Calculate the greatest common divisor of 11275 and 713075.
275
Calculate the greatest common factor of 20079 and 1842903.
873
What is the highest common divisor of 9012 and 6264842?
1502
What is the greatest common divisor of 66 and 4616403?
33
What is the greatest common factor of 366391 and 14141709?
2459
What is the highest common factor of 6324 and 605244?
372
Calculate the highest common divisor of 58914 and 29.
1
Calculate the greatest common factor of 29001514 and 246.
82
What is the greatest common factor of 334465482 and 5172?
2586
Calculate the highest common divisor of 165066 and 6978774.
2706
Calculate the greatest common factor of 32531438 an